
Calculate (-41 - (-78 - -34)) + (0 - 3 - 7).
-7
-1 + -10 + (27 + -57 - -48)
7
Evaluate (15 - (3 + -5)) + -20.
-3
What is (18 - -13 - 16) + -5 + -24?
-14
Calculate -2 - -65 - (-371 + 403).
31
Calculate 2 + -4 + (20 - (3 - -2)) + 3.
16
Evaluate -99 - -85 - (-7 + 3).
-10
Evaluate -1 + -10 + (-637 - -671).
23
What is 17 + 1 - (-83 + 130)?
-29
Calculate -8 + 10 + -31 - (23 + -29).
-23
Calculate -66 + 52 - (4 - -1).
-19
What is the value of -12 - ((1 + -7 + 10 - 7) + -3)?
-6
Evaluate -7 + (3 + -17 + 12 - (0 + 0)).
-9
Evaluate (-7 - -7) + (-8 - -15 - 3) + -1.
3
What is the value of (-16 - -17) + 10 - (25 - -2)?
-16
Evaluate -13 + 15 + 3 - 8.
-3
-5 - (-4 - -8) - (43 + -33) - -5
-14
Calculate 35 + (3 - 22) + -18.
-2
Calculate -505 - -509 - (11 + 2 + (-3 - -1)).
-7
Evaluate 0 + 13 - (-20 - (-14 - 3)).
16
Calculate (-16 + 3 - (12 - 21)) + -13.
-17
11 - (-9 + (-3 - -28))
-5
What is (0 - -3) + 3 + -9?
-3
What is the value of -1 - (13 + (-29 + 10 - -13))?
-8
Evaluate 26 + -37 + 13 + -1 + 8 + 0.
9
Evaluate (13 - (51 + 1) - -6) + (11 - 2).
-24
Evaluate 12 - (-4 + -2 + 9) - (-16 + -2).
27
Evaluate (1 + 11 - 3) + -30 + 14.
-7
What is the value of (5 - -2) + (23 - 15 - (10 + -6))?
11
What is (0 - -7) + (8 + -16 - (3 - 13))?
9
What is the value of (778 - 783) + (11 - (3 + -1))?
4
11 - (35 + -35 + 12)
-1
Evaluate -7 + -9 + 2 + (-44 - -71).
13
Calculate -4 + (-2 - (-9 + 4) - 7).
-8
What is the value of -38 - -7 - (-1 + -15)?
-15
What is the value of -33 + 10 + 10 + 35?
22
What is (1 - 1) + -25 + -11 + -4 + 22?
-18
Evaluate (8 - 9) + -2 + 5 + 16.
18
What is (-2 - -4) + (0 - -4) + -2?
4
Evaluate 14 + -3 + (-7 - -10).
14
What is (-50 - -60) + (11 - 41)?
-20
-14 - (-14 + -13 + 17)
-4
143 + -150 - (4 + -2)
-9
What is -22 + 20 + -2 + 14 - 32?
-22
What is (-20 - (-9 + 3)) + (19 - 11)?
-6
(1 - (3 - 2)) + 0 + -607 + 613
6
What is the value of 2 + 3 + 2 + (-131 - -124) + -7?
-7
(-3 - (3 - 14)) + (-54 - -40) - -20
14
-3 + -3 + 6 + (4 - 4)
0
21 + -18 + -6 - 3
-6
-12 + (-25 + 66 - 34)
-5
What is (35 - 47) + (-2 - 3) - 13?
-30
What is the value of -5 + 10 + -6 + -2?
-3
1 + 0 + 1 + -12 + (55 - 53)
-8
(-13 - (-6 - 5)) + (0 - 18) + -8
-28
36 + -18 + 8 - (10 + 0)
16
What is -1 + -6 + (37 - 18 - 8)?
4
What is 5 + 11 + -12 + -29?
-25
(-6 - -9) + 3 + -35 - -7
-22
2 + 1 - (40 + -19 - 12)
-6
Calculate 182 + -165 - (33 + 0).
-16
Evaluate 1 + (-36 - -28) - (1 + 5).
-13
Calculate 10 - (14 - 0 - (-6 - (-3 - 10))).
3
3 + -1 + 1 + -5 + (-2 - -1)
-3
What is the value of (-14 + 6 - (0 + -6)) + (-2 - -7)?
3
Calculate -29 - (13 + -29 + 6 + -1).
-18
Calculate 1 + 21 - (946 + -930).
6
7 + (1 - -13) + -9 - 16
-4
Calculate 16 + (-7 + (1 - 4) - -16).
22
Calculate 2 + 7 - (17 + 1 + -10 + -1).
2
Evaluate (-3 - -3) + 10 + (3 - 7) - -5.
11
What is -2 + -11 - (-47 - -45)?
-11
-3 + ((1 - -3) + 13 - 2)
12
Calculate 60 + (6 - (39 - 1)).
28
What is the value of (-3 - (-23 + -3)) + -1 + 7 + -1?
28
What is 18 - (10 + (-2 - -6))?
4
What is (-1 - (-3 + 4)) + (-2 - -1 - -5)?
2
What is the value of 3 - (3 - 4) - (564 - 556)?
-4
Evaluate 7 + -28 + 11 + 7.
-3
What is the value of (-13 - 9) + 28 + (-28 - -1)?
-21
What is (1 - 1) + -24 - (66 + (-53 - 20))?
-17
What is the value of 3 + (6 - (2 + -7)) + -7?
7
Evaluate -2 - ((-6 - (19 + -10)) + 8).
5
Evaluate 5 + (-7 - (-10 + 6)).
2
What is 3 + 0 - (-78 + 82) - (1 + -5)?
3
What is 5 + -14 + 20 - -9?
20
What is the value of (-2 - -7) + -7 - (4 + -7 - -21)?
-20
Evaluate -20 - (12 + -20 - -18 - 15).
-15
Evaluate 3 - 13 - (-4 - (-13 - -18)) - 9.
-10
-1 + 1 - ((-80 - -35) + 33)
12
Evaluate (-17 - (7 + -37)) + 1.
14
Calculate (-19 - 1) + 1 - (35 - -69 - 112).
-11
What is -46 - -16 - (-4 - 34)?
8
What is -15 + 11 - -11 - (-14 + 5)?
16
What is the value of 22 + (-104 - -104) + (0 - 9)?
13
What is the value of 17 - ((10 - (31 - -9)) + 13)?
34
What is the value of -1 - (6 - (-7 - -1 - -10) - -2)?
-5
Calculate -17 + (-16 - -21 - -2).
-10
What is (-8 - 1) + (68 - 73) + -1?
-15
Calculate -8 + 0 + 0 + -12 + (36 - 18).
-2
What is 0 + 0 + 15 + -6 + -2 + -22?
-15
(-4 + 0 - (-81 - -75)) + 1
3
Evaluate (-6 - -12 - 5 - -10) + 0.
11
(-17 - (-14 - 21)) + -1 + (1 - -3)
21
Evaluate -2 + -7 - (24 - 28) - -15.
10
What is the value of -18 + (30 - (-6 - 5))?
23
What is the value of (0 - 3) + ((7 - -20) + -10 - -2)?
16
What is -16 + -15 + (24 - 7)?
-14
Calculate 3 - 16 - -14 - -13.
14
Calculate -7 + 14 - (5 + 1 + (14 - 26)).
13
Calculate -24 - (6 + (24 - 50)).
-4
Evaluate -27 + 8 + 6 + 12.
-1
26 + (9 - 34 - -28)
29
Calculate -3 - (-18 + -7 + 17).
5
(52 - 25) + (-2 + 1 - (-5 - -4))
27
-7 - ((15 - 10) + -12)
0
What is the value of -14 + (13 - (-12 - -4))?
7
(19 - 12) + (15 - 20)
2
Evaluate 12 - (-33 - (6 + -32)).
19
Evaluate 11 - 16 - -10 - -10.
15
Evaluate -5148 - -5152 - (26 + 0 - (2 + -4)).
-24
Calculate 0 + -10 - (-1 - (-2 + (-10 - -13))).
-8
Evaluate 0 + -23 - -2 - ((-66 - -40) + 27).
-22
Calculate 28 - (73 - 37) - 18.
-26
What is -10 - ((-16 - -1) + -99 + 107)?
-3
Calculate -3 + 0 + (-7 - -10) + -18 + -1.
-19
What is the value of -8 - (-23 - (19 + -20))?
14
Evaluate -1 - 13 - (-15 + 1).
0
What is 119 + -125 + (0 - 0) + 1 + 3?
-2
Evaluate -62 - (-3 - (4 + 30)).
-25
What is 14 + -1 - (1176 - 1180)?
17
What is 21 + -8 + (-13 - (15 + -7))?
-8
Evaluate (-481 - -485) + (2 - (4 - -2)) - 5.
-5
Calculate 252 - 254 - (-1 + (0 - 8)).
7
What is the value of (-26 - 0) + 588 + -568?
-6
Evaluate ((12 - 5) + -20 - -35) + -1 + 2.
23
Evaluate 20 + (-104 + 101 - (1 + 12)) + 9.
13
What is -704 - -708 - (0 + 5 + 1 + -2)?
0
What is 0 + 16 + (4 - (-11 - -31)) + 10?
10
Evaluate -2 + (-5 - (-12 - 4)) + 1.
10
What is the value of (7 - (-8 + 27)) + 7 - 4?
-9
What is (1 - 5) + (16 - 13) + (0 - 10)?
-11
What is the value of -21 - (-10 + (24 - 46))?
11
(-12 - -9 - 5) + 8
0
Evaluate -2 - -1 - (-18 - (5 - 22)).
0
Calculate (6 + -17 + 6 - -3 - -4) + 16.
18
What is -11 + (-11 + 1 - ((-8 - 7) + 12))?
-18
18 - -1 - (-101 - -114)
6
7 + (-13 - -7) - 12
-11
What is the value of (-5 - -4) + 14 + -1?
12
Calculate -6 - (-2 + (-6 - (2 - 12)) + -4).
-4
Evaluate 4 + -16 - -19 - (12 + -1).
-4
Calculate 40 + (-34 - -36 - 27).
15
Calculate (59 + -56 - (0 - 3) - 7) + 5.
4
Evaluate -8 - (-1 - (-17 - -16)).
-8
What is -3 - -14 - 13 - (-1 + -1)?
0
What is 820 - 839 - (-1 - 31)?
13
What is the value of -12 + 6 - -10 - (-1 - (-3 + 3))?
5
Calculate (-8 - -5 - -11) + -12.
-4
What is (-5 - -38) + (-78 - -33)?
-12
What is the value of 6 - (-14 + 31) - 1?
-12
57 + (9 - 26) - 1
39
What is the value of 5 + -31 + 8 + 11 + 11?
4
What is 2 + 1 + -1 + (-17 - -29) + -12?
2
-6 + (-2 - 1 - (14 + -18))
-5
Calculate (6 - -17) + -5 + -4 + (5 - 4).
15
44 + (-19 - 6) + -9
10
Evaluate (-14 - 0) + (-44 - -43).
-15
Calculate -10 + 39 + (0 - 1 - -3) + -9.
22
-4 + -5 + (6 - (5 + -3))
-5
Evaluate -4 + -20 + 6 + 21.
3
What is 26 + 0 - (-86 + 124)?
-12
(20 - (21 - -6)) + 9 + 0
2
What is the value of (43 - 31) + -13 + (0 - -4) - 8?
-5
What is the value of (-57 - (-16 + -28)) + (0 - 1 - -1)?
-13
Calculate 1 + (-17 + 10 - (-16 - 5)).
15
What is the value of 15 + 1 + -28 - -25?
13
Evaluate -1 + -1 + 6 + -14 + 22.
12
What is (-21 - (-6 + (-16 - -13))) + 14?
2
Calculate (-11 - -14) + 0 + 10.
13
Evaluate 425 + -415 + (-14 - -3).
-1
Evaluate 12 - 8 - -2 - 10 - (3 - -3).
-10
What is the value of (7 - 2) + 4 + -4 - (0 - 7)?
12
What is 9 + -20 - 2 - (-12 + 3)?
-4
What is -1051 - -1070 - (0 + 3)?
16
What is 6 - 11 - 4 - -6?
-3
Calculate 1 + 10 - (-22 - -16).
17
-48 - -22 - -16 - (19 + -1)
-28
14 - 2 - 21 - -6
-3
Calculate -5 - ((9 + -8 - -3) + -11 + 15).
-13
Evaluate -6 + 39 + -53 + 49.
29
What is the value of (23 + -1 - 19) + (-2 - 10) + -3?
-12
Evaluate -4 - -39 - (4 + 32 + -27).
26
Evaluate (-2 - 0) + (-132 - -121).
-13
Evaluate -231 + 228 - (1 + 1 - -18).
-23
-6 + -5 + (4 - 8) + (4 - -1)
-10
What is 0 - (14 + -19) - -5?
10
What is (1 - 3 - 3) + -23 + 19?
-9
Evaluate (-9 - -1) + (11 - 1) + -14.
-12
Evaluate -1 - ((9 + -26 - -8) + (-1 - -1)).
8
3 - (-7 - (-3 + -7))
0
Evaluate (13 - (-10 + 24)) + 22.
21
Calculate -14 + (10 + -5 + 7 - 7).
-9
What is the value of -3 - 0 - (22 - 3 - 11)?
-11
What is 1 + -10 - -15 - (2 - 1 - 2)?
7
Evaluate -13 - ((3 - -3) + -11) - -35.
27
What is -9 - (-1 - ((11 - (-3 + 5)) + -5))?
-4
What is the value of -1 + 0 - (4 - (8 - (22 - 30)))?
11
Evaluate (2 -